{"version":"1.0","provider_name":"\u017durnalas Lietuv\u0117","provider_url":"https:\/\/lietuve.lt","title":"D. Grybauskait\u0117 pasveikino Islandijos Prezident\u0105 Nepriklausomyb\u0117s dienos proga - \u017durnalas Lietuv\u0117","type":"rich","width":600,"height":338,"html":"<blockquote class=\"wp-embedded-content\" data-secret=\"jI4esjjMsw\"><a href=\"https:\/\/lietuve.lt\/d-grybauskaite-pasveikino-islandijos-prezidenta-nepriklausomybes-dienos-proga\/\">D. Grybauskait\u0117 pasveikino Islandijos Prezident\u0105 Nepriklausomyb\u0117s dienos proga<\/a><\/blockquote><iframe sandbox=\"allow-scripts\" security=\"restricted\" src=\"https:\/\/lietuve.lt\/d-grybauskaite-pasveikino-islandijos-prezidenta-nepriklausomybes-dienos-proga\/embed\/#?secret=jI4esjjMsw\" width=\"600\" height=\"338\" title=\"&#8220;D. Grybauskait\u0117 pasveikino Islandijos Prezident\u0105 Nepriklausomyb\u0117s dienos proga&#8221; &#8212; \u017durnalas Lietuv\u0117\" data-secret=\"jI4esjjMsw\" frameborder=\"0\" marginwidth=\"0\" marginheight=\"0\" scrolling=\"no\" class=\"wp-embedded-content\"><\/iframe><script type=\"text\/javascript\">\n\/* <![CDATA[ *\/\n\/*! This file is auto-generated *\/\n!function(d,l){\"use strict\";l.querySelector&&d.addEventListener&&\"undefined\"!=typeof URL&&(d.wp=d.wp||{},d.wp.receiveEmbedMessage||(d.wp.receiveEmbedMessage=function(e){var t=e.data;if((t||t.secret||t.message||t.value)&&!\/[^a-zA-Z0-9]\/.test(t.secret)){for(var s,r,n,a=l.querySelectorAll('iframe[data-secret=\"'+t.secret+'\"]'),o=l.querySelectorAll('blockquote[data-secret=\"'+t.secret+'\"]'),c=new RegExp(\"^https?:$\",\"i\"),i=0;i<o.length;i++)o[i].style.display=\"none\";for(i=0;i<a.length;i++)s=a[i],e.source===s.contentWindow&&(s.removeAttribute(\"style\"),\"height\"===t.message?(1e3<(r=parseInt(t.value,10))?r=1e3:~~r<200&&(r=200),s.height=r):\"link\"===t.message&&(r=new URL(s.getAttribute(\"src\")),n=new URL(t.value),c.test(n.protocol))&&n.host===r.host&&l.activeElement===s&&(d.top.location.href=t.value))}},d.addEventListener(\"message\",d.wp.receiveEmbedMessage,!1),l.addEventListener(\"DOMContentLoaded\",function(){for(var e,t,s=l.querySelectorAll(\"iframe.wp-embedded-content\"),r=0;r<s.length;r++)(t=(e=s[r]).getAttribute(\"data-secret\"))||(t=Math.random().toString(36).substring(2,12),e.src+=\"#?secret=\"+t,e.setAttribute(\"data-secret\",t)),e.contentWindow.postMessage({message:\"ready\",secret:t},\"*\")},!1)))}(window,document);\n\/\/# sourceURL=https:\/\/lietuve.lt\/wp-includes\/js\/wp-embed.min.js\n\/* ]]> *\/\n<\/script>\n","description":"Bir\u017eelio 17 d. Lietuvos Respublikos Prezident\u0117 Dalia Grybauskait\u0117 pasveikino Islandijos Respublikos Prezident\u0105 Olafur\u0105 Ragnar\u0105 Grimson\u0105 Islandijos nepriklausomyb\u0117s dienos proga. \u201eLietuvai minint svarbi\u0105 dvide\u0161imt penkeri\u0173 met\u0173 Nepriklausomyb\u0117s atk\u016brimo sukakt\u012f, su d\u017eiaugsmu prisimename Islandijos dr\u0105s\u0105 ir param\u0105 m\u016bs\u0173 valstyb\u0117s Laisvei ir Nepriklausomybei\u201c, \u2013 ra\u0161oma Prezident\u0117s sveikinime. \u0160alies vadov\u0117s teigimu, tiek pl\u0117todamos dvi\u0161alius santykius, tiek bendradarbiaudamos NATO ar"}

Žurnalas Lietuvė

D. Grybauskaitė pasveikino Islandijos Prezidentą Nepriklausomybės dienos proga - Žurnalas Lietuvė

<blockquote class="wp-embedded-content" data-secret="jI4esjjMsw"><a href="https://lietuve.lt/d-grybauskaite-pasveikino-islandijos-prezidenta-nepriklausomybes-dienos-proga/">D. Grybauskaitė pasveikino Islandijos Prezidentą Nepriklausomybės dienos proga</a></blockquote><iframe sandbox="allow-scripts" security="restricted" src="https://lietuve.lt/d-grybauskaite-pasveikino-islandijos-prezidenta-nepriklausomybes-dienos-proga/embed/#?secret=jI4esjjMsw" width="600" height="338" title="&#8220;D. Grybauskaitė pasveikino Islandijos Prezidentą Nepriklausomybės dienos proga&#8221; &#8212; Žurnalas Lietuvė" data-secret="jI4esjjMsw" frameborder="0" marginwidth="0" marginheight="0" scrolling="no" class="wp-embedded-content"></iframe><script type="text/javascript">
/* <![CDATA[ */
/*! This file is auto-generated */
!function(d,l){"use strict";l.querySelector&&d.addEventListener&&"undefined"!=typeof URL&&(d.wp=d.wp||{},d.wp.receiveEmbedMessage||(d.wp.receiveEmbedMessage=function(e){var t=e.data;if((t||t.secret||t.message||t.value)&&!/[^a-zA-Z0-9]/.test(t.secret)){for(var s,r,n,a=l.querySelectorAll('iframe[data-secret="'+t.secret+'"]'),o=l.querySelectorAll('blockquote[data-secret="'+t.secret+'"]'),c=new RegExp("^https?:$","i"),i=0;i<o.length;i++)o[i].style.display="none";for(i=0;i<a.length;i++)s=a[i],e.source===s.contentWindow&&(s.removeAttribute("style"),"height"===t.message?(1e3<(r=parseInt(t.value,10))?r=1e3:~~r<200&&(r=200),s.height=r):"link"===t.message&&(r=new URL(s.getAttribute("src")),n=new URL(t.value),c.test(n.protocol))&&n.host===r.host&&l.activeElement===s&&(d.top.location.href=t.value))}},d.addEventListener("message",d.wp.receiveEmbedMessage,!1),l.addEventListener("DOMContentLoaded",function(){for(var e,t,s=l.querySelectorAll("iframe.wp-embedded-content"),r=0;r<s.length;r++)(t=(e=s[r]).getAttribute("data-secret"))||(t=Math.random().toString(36).substring(2,12),e.src+="#?secret="+t,e.setAttribute("data-secret",t)),e.contentWindow.postMessage({message:"ready",secret:t},"*")},!1)))}(window,document);
//# sourceURL=https://lietuve.lt/wp-includes/js/wp-embed.min.js
/* ]]> */
</script>

Birželio 17 d. Lietuvos Respublikos Prezidentė Dalia Grybauskaitė pasveikino Islandijos Respublikos Prezidentą Olafurą Ragnarą Grimsoną Islandijos nepriklausomybės dienos proga. „Lietuvai minint svarbią dvidešimt penkerių metų Nepriklausomybės atkūrimo sukaktį, su džiaugsmu prisimename Islandijos drąsą ir paramą mūsų valstybės Laisvei ir Nepriklausomybei“, – rašoma Prezidentės sveikinime. Šalies vadovės teigimu, tiek plėtodamos dvišalius santykius, tiek bendradarbiaudamos NATO ar
