{"version":"1.0","provider_name":"\u017durnalas Lietuv\u0117","provider_url":"https:\/\/lietuve.lt","title":"\u201eK\u016brybos podiumas\u201c Kauno mamoms padovanojo nepamir\u0161tam\u0105 dovan\u0105 - \u017durnalas Lietuv\u0117","type":"rich","width":600,"height":338,"html":"<blockquote class=\"wp-embedded-content\" data-secret=\"lq7uMrVGPU\"><a href=\"https:\/\/lietuve.lt\/kurybos-podiumas-kauno-mamoms-padovanojo-nepamirstama-dovana\/\">\u201eK\u016brybos podiumas\u201c Kauno mamoms padovanojo nepamir\u0161tam\u0105 dovan\u0105<\/a><\/blockquote><iframe sandbox=\"allow-scripts\" security=\"restricted\" src=\"https:\/\/lietuve.lt\/kurybos-podiumas-kauno-mamoms-padovanojo-nepamirstama-dovana\/embed\/#?secret=lq7uMrVGPU\" width=\"600\" height=\"338\" title=\"&#8220;\u201eK\u016brybos podiumas\u201c Kauno mamoms padovanojo nepamir\u0161tam\u0105 dovan\u0105&#8221; &#8212; \u017durnalas Lietuv\u0117\" data-secret=\"lq7uMrVGPU\" frameborder=\"0\" marginwidth=\"0\" marginheight=\"0\" scrolling=\"no\" class=\"wp-embedded-content\"><\/iframe><script type=\"text\/javascript\">\n\/* <![CDATA[ *\/\n\/*! This file is auto-generated *\/\n!function(d,l){\"use strict\";l.querySelector&&d.addEventListener&&\"undefined\"!=typeof URL&&(d.wp=d.wp||{},d.wp.receiveEmbedMessage||(d.wp.receiveEmbedMessage=function(e){var t=e.data;if((t||t.secret||t.message||t.value)&&!\/[^a-zA-Z0-9]\/.test(t.secret)){for(var s,r,n,a=l.querySelectorAll('iframe[data-secret=\"'+t.secret+'\"]'),o=l.querySelectorAll('blockquote[data-secret=\"'+t.secret+'\"]'),c=new RegExp(\"^https?:$\",\"i\"),i=0;i<o.length;i++)o[i].style.display=\"none\";for(i=0;i<a.length;i++)s=a[i],e.source===s.contentWindow&&(s.removeAttribute(\"style\"),\"height\"===t.message?(1e3<(r=parseInt(t.value,10))?r=1e3:~~r<200&&(r=200),s.height=r):\"link\"===t.message&&(r=new URL(s.getAttribute(\"src\")),n=new URL(t.value),c.test(n.protocol))&&n.host===r.host&&l.activeElement===s&&(d.top.location.href=t.value))}},d.addEventListener(\"message\",d.wp.receiveEmbedMessage,!1),l.addEventListener(\"DOMContentLoaded\",function(){for(var e,t,s=l.querySelectorAll(\"iframe.wp-embedded-content\"),r=0;r<s.length;r++)(t=(e=s[r]).getAttribute(\"data-secret\"))||(t=Math.random().toString(36).substring(2,12),e.src+=\"#?secret=\"+t,e.setAttribute(\"data-secret\",t)),e.contentWindow.postMessage({message:\"ready\",secret:t},\"*\")},!1)))}(window,document);\n\/\/# sourceURL=https:\/\/lietuve.lt\/wp-includes\/js\/wp-embed.min.js\n\/* ]]> *\/\n<\/script>\n","thumbnail_url":"https:\/\/lietuve.lt\/wp-content\/uploads\/2017\/05\/DSC_7289.jpg","thumbnail_width":1024,"thumbnail_height":683,"description":"Motinos diena Kaune prad\u0117ta \u0161v\u0119sti savaite anks\u010diau \u2013 baland\u017eio 30 dien\u0105 kauniet\u0117s rinkosi \u012f \u00a0nemokam\u0105 gro\u017eio, nauj\u0173 pa\u017ein\u010di\u0173 ir pakili\u0173 emocij\u0173 kupin\u0105 \u201eK\u016brybos podiumo\u201c rengin\u012f jaukioje \u201eVero Coffee House\u201c erdv\u0117je. Jo dalyv\u0117s su\u017einojo daug \u012fdomybi\u0173 apie kvepalus, dalyvavo \u0161ventin\u0117je mam\u0173 ir vaik\u0173 fotosesijoje ir rinkosi puo\u0161nias dovanas. Paskutin\u012f baland\u017eio sekmadien\u012f kauniet\u0117s su savo at\u017ealomis rinkosi"}

Žurnalas Lietuvė

„Kūrybos podiumas“ Kauno mamoms padovanojo nepamirštamą dovaną - Žurnalas Lietuvė

<blockquote class="wp-embedded-content" data-secret="lq7uMrVGPU"><a href="https://lietuve.lt/kurybos-podiumas-kauno-mamoms-padovanojo-nepamirstama-dovana/">„Kūrybos podiumas“ Kauno mamoms padovanojo nepamirštamą dovaną</a></blockquote><iframe sandbox="allow-scripts" security="restricted" src="https://lietuve.lt/kurybos-podiumas-kauno-mamoms-padovanojo-nepamirstama-dovana/embed/#?secret=lq7uMrVGPU" width="600" height="338" title="&#8220;„Kūrybos podiumas“ Kauno mamoms padovanojo nepamirštamą dovaną&#8221; &#8212; Žurnalas Lietuvė" data-secret="lq7uMrVGPU" frameborder="0" marginwidth="0" marginheight="0" scrolling="no" class="wp-embedded-content"></iframe><script type="text/javascript">
/* <![CDATA[ */
/*! This file is auto-generated */
!function(d,l){"use strict";l.querySelector&&d.addEventListener&&"undefined"!=typeof URL&&(d.wp=d.wp||{},d.wp.receiveEmbedMessage||(d.wp.receiveEmbedMessage=function(e){var t=e.data;if((t||t.secret||t.message||t.value)&&!/[^a-zA-Z0-9]/.test(t.secret)){for(var s,r,n,a=l.querySelectorAll('iframe[data-secret="'+t.secret+'"]'),o=l.querySelectorAll('blockquote[data-secret="'+t.secret+'"]'),c=new RegExp("^https?:$","i"),i=0;i<o.length;i++)o[i].style.display="none";for(i=0;i<a.length;i++)s=a[i],e.source===s.contentWindow&&(s.removeAttribute("style"),"height"===t.message?(1e3<(r=parseInt(t.value,10))?r=1e3:~~r<200&&(r=200),s.height=r):"link"===t.message&&(r=new URL(s.getAttribute("src")),n=new URL(t.value),c.test(n.protocol))&&n.host===r.host&&l.activeElement===s&&(d.top.location.href=t.value))}},d.addEventListener("message",d.wp.receiveEmbedMessage,!1),l.addEventListener("DOMContentLoaded",function(){for(var e,t,s=l.querySelectorAll("iframe.wp-embedded-content"),r=0;r<s.length;r++)(t=(e=s[r]).getAttribute("data-secret"))||(t=Math.random().toString(36).substring(2,12),e.src+="#?secret="+t,e.setAttribute("data-secret",t)),e.contentWindow.postMessage({message:"ready",secret:t},"*")},!1)))}(window,document);
//# sourceURL=https://lietuve.lt/wp-includes/js/wp-embed.min.js
/* ]]> */
</script>

Motinos diena Kaune pradėta švęsti savaite anksčiau – balandžio 30 dieną kaunietės rinkosi į  nemokamą grožio, naujų pažinčių ir pakilių emocijų kupiną „Kūrybos podiumo“ renginį jaukioje „Vero Coffee House“ erdvėje. Jo dalyvės sužinojo daug įdomybių apie kvepalus, dalyvavo šventinėje mamų ir vaikų fotosesijoje ir rinkosi puošnias dovanas. Paskutinį balandžio sekmadienį kaunietės su savo atžalomis rinkosi
