{"version":"1.0","provider_name":"\u017durnalas Lietuv\u0117","provider_url":"https:\/\/lietuve.lt","title":"Prezident\u0117 Vokietijos Kanclerei \u012fteik\u0117 valstybin\u012f apdovanojim\u0105 - \u017durnalas Lietuv\u0117","type":"rich","width":600,"height":338,"html":"<blockquote class=\"wp-embedded-content\" data-secret=\"NK2CgpgD6L\"><a href=\"https:\/\/lietuve.lt\/prezidente-vokietijos-kanclerei-iteike-valstybini-apdovanojima\/\">Prezident\u0117 Vokietijos Kanclerei \u012fteik\u0117 valstybin\u012f apdovanojim\u0105<\/a><\/blockquote><iframe sandbox=\"allow-scripts\" security=\"restricted\" src=\"https:\/\/lietuve.lt\/prezidente-vokietijos-kanclerei-iteike-valstybini-apdovanojima\/embed\/#?secret=NK2CgpgD6L\" width=\"600\" height=\"338\" title=\"&#8220;Prezident\u0117 Vokietijos Kanclerei \u012fteik\u0117 valstybin\u012f apdovanojim\u0105&#8221; &#8212; \u017durnalas Lietuv\u0117\" data-secret=\"NK2CgpgD6L\" frameborder=\"0\" marginwidth=\"0\" marginheight=\"0\" scrolling=\"no\" class=\"wp-embedded-content\"><\/iframe><script type=\"text\/javascript\">\n\/* <![CDATA[ *\/\n\/*! This file is auto-generated *\/\n!function(d,l){\"use strict\";l.querySelector&&d.addEventListener&&\"undefined\"!=typeof URL&&(d.wp=d.wp||{},d.wp.receiveEmbedMessage||(d.wp.receiveEmbedMessage=function(e){var t=e.data;if((t||t.secret||t.message||t.value)&&!\/[^a-zA-Z0-9]\/.test(t.secret)){for(var s,r,n,a=l.querySelectorAll('iframe[data-secret=\"'+t.secret+'\"]'),o=l.querySelectorAll('blockquote[data-secret=\"'+t.secret+'\"]'),c=new RegExp(\"^https?:$\",\"i\"),i=0;i<o.length;i++)o[i].style.display=\"none\";for(i=0;i<a.length;i++)s=a[i],e.source===s.contentWindow&&(s.removeAttribute(\"style\"),\"height\"===t.message?(1e3<(r=parseInt(t.value,10))?r=1e3:~~r<200&&(r=200),s.height=r):\"link\"===t.message&&(r=new URL(s.getAttribute(\"src\")),n=new URL(t.value),c.test(n.protocol))&&n.host===r.host&&l.activeElement===s&&(d.top.location.href=t.value))}},d.addEventListener(\"message\",d.wp.receiveEmbedMessage,!1),l.addEventListener(\"DOMContentLoaded\",function(){for(var e,t,s=l.querySelectorAll(\"iframe.wp-embedded-content\"),r=0;r<s.length;r++)(t=(e=s[r]).getAttribute(\"data-secret\"))||(t=Math.random().toString(36).substring(2,12),e.src+=\"#?secret=\"+t,e.setAttribute(\"data-secret\",t)),e.contentWindow.postMessage({message:\"ready\",secret:t},\"*\")},!1)))}(window,document);\n\/\/# sourceURL=https:\/\/lietuve.lt\/wp-includes\/js\/wp-embed.min.js\n\/* ]]> *\/\n<\/script>\n","thumbnail_url":"https:\/\/lietuve.lt\/wp-content\/uploads\/2017\/06\/1-153.jpg","thumbnail_width":800,"thumbnail_height":546,"description":"Lietuvos Prezident\u0117 Dalia Grybauskait\u0117 Vytauto Did\u017eiojo ordino Did\u017eiuoju kry\u017eiumi apdovanojo Vokietijos Federacin\u0117s Respublikos Kancler\u0119 Angel\u0105 Merkel. Vienas auk\u0161\u010diausi\u0173 Lietuvos valstyb\u0117s apdovanojim\u0173 Vokietijos vadovei \u012fteiktas u\u017e atsaking\u0105 europin\u0119 lyderyst\u0119 ir asmenin\u012f ind\u0117l\u012f stiprinant abiej\u0173 \u0161ali\u0173 politin\u012f, gynybos, ekonomin\u012f, kult\u016brin\u012f ir visuomenin\u012f bendradarbiavim\u0105. Prezident\u0117s teigimu, valstybinis apdovanojimas \u2013 pad\u0117ka Vokietijos Kanclerei m\u016bs\u0173 valstyb\u0117s ir \u017emoni\u0173 vardu u\u017e"}

Žurnalas Lietuvė

Prezidentė Vokietijos Kanclerei įteikė valstybinį apdovanojimą - Žurnalas Lietuvė

<blockquote class="wp-embedded-content" data-secret="NK2CgpgD6L"><a href="https://lietuve.lt/prezidente-vokietijos-kanclerei-iteike-valstybini-apdovanojima/">Prezidentė Vokietijos Kanclerei įteikė valstybinį apdovanojimą</a></blockquote><iframe sandbox="allow-scripts" security="restricted" src="https://lietuve.lt/prezidente-vokietijos-kanclerei-iteike-valstybini-apdovanojima/embed/#?secret=NK2CgpgD6L" width="600" height="338" title="&#8220;Prezidentė Vokietijos Kanclerei įteikė valstybinį apdovanojimą&#8221; &#8212; Žurnalas Lietuvė" data-secret="NK2CgpgD6L" frameborder="0" marginwidth="0" marginheight="0" scrolling="no" class="wp-embedded-content"></iframe><script type="text/javascript">
/* <![CDATA[ */
/*! This file is auto-generated */
!function(d,l){"use strict";l.querySelector&&d.addEventListener&&"undefined"!=typeof URL&&(d.wp=d.wp||{},d.wp.receiveEmbedMessage||(d.wp.receiveEmbedMessage=function(e){var t=e.data;if((t||t.secret||t.message||t.value)&&!/[^a-zA-Z0-9]/.test(t.secret)){for(var s,r,n,a=l.querySelectorAll('iframe[data-secret="'+t.secret+'"]'),o=l.querySelectorAll('blockquote[data-secret="'+t.secret+'"]'),c=new RegExp("^https?:$","i"),i=0;i<o.length;i++)o[i].style.display="none";for(i=0;i<a.length;i++)s=a[i],e.source===s.contentWindow&&(s.removeAttribute("style"),"height"===t.message?(1e3<(r=parseInt(t.value,10))?r=1e3:~~r<200&&(r=200),s.height=r):"link"===t.message&&(r=new URL(s.getAttribute("src")),n=new URL(t.value),c.test(n.protocol))&&n.host===r.host&&l.activeElement===s&&(d.top.location.href=t.value))}},d.addEventListener("message",d.wp.receiveEmbedMessage,!1),l.addEventListener("DOMContentLoaded",function(){for(var e,t,s=l.querySelectorAll("iframe.wp-embedded-content"),r=0;r<s.length;r++)(t=(e=s[r]).getAttribute("data-secret"))||(t=Math.random().toString(36).substring(2,12),e.src+="#?secret="+t,e.setAttribute("data-secret",t)),e.contentWindow.postMessage({message:"ready",secret:t},"*")},!1)))}(window,document);
//# sourceURL=https://lietuve.lt/wp-includes/js/wp-embed.min.js
/* ]]> */
</script>

Lietuvos Prezidentė Dalia Grybauskaitė Vytauto Didžiojo ordino Didžiuoju kryžiumi apdovanojo Vokietijos Federacinės Respublikos Kanclerę Angelą Merkel. Vienas aukščiausių Lietuvos valstybės apdovanojimų Vokietijos vadovei įteiktas už atsakingą europinę lyderystę ir asmeninį indėlį stiprinant abiejų šalių politinį, gynybos, ekonominį, kultūrinį ir visuomeninį bendradarbiavimą. Prezidentės teigimu, valstybinis apdovanojimas – padėka Vokietijos Kanclerei mūsų valstybės ir žmonių vardu už
